 the remainder when u is divided by 68.
14
Let f = 331 - -160. Calculate the remainder when f is divided by 6.
5
Let j = -12 - -26. Suppose 9*w = j*w - 120. Calculate the remainder when 71 is divided by w.
23
Let p = -161 - -131. What is the remainder when 32 is divided by (-39)/(-2) - 5/(p/(-9))?
14
Suppose 10 = -4*s + 3*l + 274, 272 = 4*s - 5*l. Suppose 15 = 5*n - 3*u - s, 4*n - 2*u = 62. Calculate the remainder when 59 is divided by n.
14
Let a(x) = -x**2 - 23*x - 55. What is the remainder when a(-4) is divided by 4?
1
What is the remainder when 19266/15 - 21/(-35) is divided by 92?
89
Let n(z) = -z**3 - 14*z**2 - 11*z + 25. Let q be n(-13). Calculate the remainder when 74 is divided by -4 + (11 - 3) + (-16)/q.
14
Let v = 21 - 21. Suppose -2*i - 132 = -5*h, h - 5*i + v = 8. What is the remainder when 40 is divided by h?
12
Let k = -22 - -32. Suppose h - k = 17. What is the remainder when h is divided by (-5 - 164/12)*(1 + (-28)/16)?
13
Calculate the remainder when 6/(-2) - (5320/(-20) - 16) is divided by 44.
15
Let d be 9/((-405)/10) + 2/9. What is the remainder when 30 is divided by (4 - d)/((-13)/(-26))?
6
Let l(n) be the second derivative of 5*n**4/12 + n**3/2 - 3*n**2/2 + 24*n. Calculate the remainder when l(2) is divided by 5.
3
Let m(v) = -v**3 - 21*v**2 - 20*v - 2. Let h be m(-20). Let o(q) = -4*q**3 + q - 1. Calculate the remainder when 113 is divided by o(h).
26
Let a = 925 + -909. What is the remainder when 75 is divided by a?
11
Let m = 245 - 91. What is the remainder when m is divided by 6?
4
Suppose 2*w + 208 = 2*q, q + 2*w = 4*w + 106. Let p(t) = 2*t**2 + 18*t + 6. Calculate the remainder when q is divided by p(-10).
24
Suppose 5*j - 4*q + 3*q - 74 = 0, -5*q - 34 = -j. Let s(f) = 9*f. Let d be s(9). Let g = d - 28. What is the remainder when g is divided by j?
11
Suppose 0*u = u - 18. Suppose 76 = u*m - 14*m. Let o(j) = j**2 - 10*j + 7. Calculate the remainder when m is divided by o(10).
5
Suppose -15 - 9 = -2*c. Calculate the remainder when 36 is divided by c.
0
Suppose -3*t + 562 = -83. What is the remainder when t is divided by 22?
17
Suppose 5*y - 19 - 1 = 0. Calculate the remainder when ((-3)/y - 0)*-172 is divided by 44.
41
Let h = 40 - 27. Let t(v) = 2*v**2 - 6*v - 3. Let k(n) = 2*n**2 - 5*n - 3. Let z(a) = 4*k(a) - 3*t(a). What is the remainder when z(-4) is divided by h?
11
Suppose -2*x - 225 = -5*x. Suppose 4*u - x = u. Suppose 0 = 4*j + 4*z - 68, -5*z = -j - 0*z - 7. Calculate the remainder when u is divided by j.
12
Suppose 35 = 4*n - 353. What is the remainder when n is divided by 4 - -15 - (0 - 1)?
17
Let x be 3/(6/4*22/(-55)). Let r(w) = 2*w + 26. What is the remainder when 44 is divided by r(x)?
12
Let s = -89 + 138. Suppose 7 = -2*k + 3*d, 0 = -0*k - 2*k - 2*d - 2. Calculate the remainder when s is divided by ((-125)/5 + (2 - 3))/k.
10
Suppose -20*x + 131 + 109 = 0. What is the remainder when (-66)/5*(-10)/3 is divided by x?
8
Suppose 30 = 3*s - 12. What is the remainder when s is divided by 5?
4
Let u(t) be the first derivative of -t**4/4 + 7*t**3/3 - 7*t**2/2 - t + 6. Let z be u(5). Let f = 17 - z. What is the remainder when 8 is divided by f?
2
Suppose 188 = 4*g - 2*g + 5*c, -3*g = 4*c - 268. Let z = 98 - g. Calculate the remainder when 96 is divided by z.
12
Let x be 2/(-13) + 134/26. Let f(j) = -j**3 + 4*j**2 + 6*j + 15. Calculate the remainder when 30 is divided by f(x).
10
Suppose -u + 17*s + 31 = 16*s, 5*u - 185 = -5*s. Calculate the remainder when u is divided by 4.
2
Suppose -4*c - 3*q = 25, 0*c - c = 5*q + 2. Suppose -3*z = 5*g - 2 + 19, -6 = -z - 4*g. Let a = c - z. Calculate the remainder when 20 is divided by a.
6
Let b(t) = 2*t**2 - 26*t + 31. What is the remainder when b(16) is divided by 43?
41
Let j(x) = 1463*x + 7461. Suppose l + 0*l - 15 = 0. Calculate the remainder when j(-5) is divided by l.
11
Calculate the remainder when 340 is divided by ((-11)/(528/16))/((-1)/33).
10
Suppose 31 + 261 = 4*g. Let y(t) = -8*t - 20. Let x be y(-3). Suppose x*a + 19 = 5*a. What is the remainder when g is divided by a?
16
What is the remainder when 744 is divided by ((-825)/(-44))/(1 + (-5)/8)?
44
Let h = 14 + -23. Calculate the remainder when (h/12)/((-2)/96*1) is divided by 13.
10
Let o = 856 - 845. What is the remainder when 404 is divided by o?
8
Suppose -7*i + 900 = -2*i. Let g = 340 - i. Suppose -g = -4*t - 52. Calculate the remainder when t is divided by 14.
13
Suppose 18 = 3*o - 5*l - 16, -4*l = 20. Calculate the remainder when 31 is divided by o.
1
Suppose 5*o = 4*r + 295, -2*o + 30*r = 31*r - 118. Calculate the remainder when 173 is divided by o.
55
Suppose g = -6 - 2. Let d = 11 + g. Calculate the remainder when (4/(-2))/(d/(-9)) is divided by 4.
2
Let t = 19 - -11. Suppose 2*w + 4 - 18 = 0. What is the remainder when t is divided by 58/w - 18/63?
6
Let g(h) = -h**3 - 4*h**2 - 2*h - 4. Let r(i) = 8*i**2 - 2*i + 22. What is the remainder when r(0) is divided by g(-4)?
2
Let k(w) = -8*w + 1. Let c be 1/(-7) - ((-448)/49 - -2). Suppose -3*z - 8 = 5*h - c*h, 4 = h - 2*z. What is the remainder when k(-1) is divided by h?
1
Let c(j) be the first derivative of 21*j**2/2 + j - 1. Calculate the remainder when c(6) is divided by 32.
31
Suppose 23*b - 3606 + 754 = 0. What is the remainder when b is divided by 52?
20
Suppose -2 = -w - d + 4, -6 = -3*d. Suppose 5*l + 9 = 4*n - 19, l = -w. Calculate the remainder when 23 is divided by (-1 + n)/(2/12).
5
Suppose -2*y - 27 = y. Let h(l) = -3*l - 12. Let t(c) = -c**3 + 9*c**2 + 8. Calculate the remainder when h(y) is divided by t(9).
7
Let o(q) = q**3 + 6*q**2 - 7*q + 11. Calculate the remainder when o(-5) is divided by 21.
8
Let z(b) = 10*b**3 + b**2 + b - 1. Let v be z(1). Suppose 4*h - v = 3*l, -6*h = -2*l - 2*h - 6. Let w = l + 10. Calculate the remainder when 8 is divided by w.
3
Let p(w) = 2*w**2 - 3*w. Let n be 1 + 1 + (1 - 0). Calculate the remainder when (-3)/(((-2)/(-2))/(-5)) is divided by p(n).
6
Let p(x) = 5*x**2 - 11*x + 4. Let b be p(4). Suppose 8*m - 10*m = -b. Calculate the remainder when 78 is divided by m.
18
Let l be 15*2*4/8. What is the remainder when 3*115/l - 4 is divided by 5?
4
Let d be 1*-6 + 3 + -1. Let h = -3 + d. Let s = 8 - h. Calculate the remainder when 58 is divided by s.
13
Let u(r) = -4*r + 10. Let y be (16/1)/4 - 12. Let k(a) = -a**2 - 8*a - 6. Let d be k(y). Calculate the remainder when u(d) is divided by 12.
10
Let x(k) = -18*k + 16. What is the remainder when x(-2) is divided by 34?
18
Suppose 463*a - 42 = 461*a. What is the remainder when 38 is divided by a?
17
Suppose 66 = 3*h - 0*h. Suppose 4 = -2*c + h. What is the remainder when 32 is divided by 2 + (-4 - -4) + c?
10
Suppose i - 5*i = -16. Suppose -3*r = -12 - 24. Suppose 51 = i*j - 5*z, 3*z - r = 3. Calculate the remainder when j is divided by 11.
8
Let z = -50 - -90. Calculate the remainder when 177 is divided by z.
17
Suppose l = 5*c + 8, -l + 6*l + c - 118 = 0. Suppose -1 = -2*h - 7. Calculate the remainder when (-128)/h + (-2)/(-6) is divided by l.
20
Let n(k) = -k**2 - 14*k + 11. Let g(t) = t**3 - 3*t**2 - 5*t + 3. Let d be g(3). Calculate the remainder when n(d) is divided by 12.
11
Suppose -207 = -6*w - 5*f, -10*w + 102 = -7*w + 2*f. What is the remainder when 351 is divided by w?
31
Let b = 86 - 91. Calculate the remainder when 18 is divided by -8*-3*b/(-10).
6
Let s(i) = i**2 - 4. Let x be s(-2). Let f = 34 + x. Calculate the remainder when f is divided by 7.
6
Let v(g) = 6*g**2 + 79*g + 6. Let d = -8 + 19. What is the remainder when v(-14) is divided by d?
10
Let i be ((-4)/(-6))/((-1)/(-15)). Suppose 189 = i*y - 7*y. What is the remainder when y is divided by 16?
15
Suppose 4*d - 13*a = -10*a + 65, 0 = -2*d - 2*a + 36. Calculate the remainder when 271 is divided by d.
16
Let c = 71 + -30. Suppose 5*o - 847 = 11*o - 13*o. What is the remainder when o is divided by c?
39
Suppose 4*g = 25 + 175. Calculate the remainder when 198 is divided by g.
48
Suppose c = a - 3*c - 86, 2*c + 10 = 0. Suppose -x = x - a. Suppose 0 = 13*b - 10*b - x. Calculate the remainder when 19 is divided by b.
8
Suppose -2*c - 6 = j, -5*j - c + 3 = -12. Suppose 0 = -j*b + 3*m - 8*m + 39, 3*b - 34 = m. What is the remainder when b is divided by 6?
5
Let c(j) = -2*j**2 - 19*j + 18. Le